 the greatest common factor of 32 and m?
16
Let v = 151 - 88. Calculate the greatest common divisor of v and 7.
7
Let d(q) = q**3 + 3*q**2 + q + 1. Let h be d(-2). Calculate the highest common factor of 15 and h.
3
Let c(q) = -q**2 + q + 121. Let s be c(0). Calculate the greatest common divisor of 11 and s.
11
Suppose y = 3*q + 14, -q = 4*y - 7 - 10. Calculate the highest common divisor of y and 25.
5
Let o be 68/11 - 12/66. Let w = -5 + o. Suppose -25 = -5*k + 2*u, 23 = -k + 5*k - u. What is the highest common divisor of w and k?
1
Let s = -18 + 31. What is the highest common factor of 104 and s?
13
Let x = 17 - -4. Let y be 0*(-5)/(-25) - -1*3. Calculate the greatest common divisor of y and x.
3
Let u(q) = q. Let g(o) = o. Let c be g(1). Let d be u(c). What is the highest common factor of 3 and d?
1
Let k be 1/(12/18)*6. What is the highest common factor of k and 36?
9
Let c be (2/3)/((-14)/63). Let h(r) = -3*r - 4. Let z be h(c). Calculate the greatest common divisor of z and 5.
5
Let f be 1 - (-2 + -3) - 0. Calculate the greatest common factor of f and 66.
6
Let f be ((-91)/1)/(1*(-4 - -3)). Calculate the highest common divisor of 13 and f.
13
Let q(r) be the second derivative of 2*r**3/3 + r**2/2 - 3*r. Let h be q(5). What is the highest common factor of 168 and h?
21
Suppose -2*u = 0, 0*o + 2*o - 48 = 2*u. Calculate the highest common divisor of o and 3.
3
Let y = 200 + -128. What is the greatest common factor of 54 and y?
18
Suppose k = -4*n + 92, -3*n = 5*k - 23 - 29. Let z = 31 + -19. Calculate the highest common factor of n and z.
12
Suppose 1 = 5*y - 34. Let h = 7 - -1. Let v = h + y. Calculate the highest common factor of 30 and v.
15
Let l(u) = -u**2 - 2*u - 3. Let v = 6 - 10. Let x be l(v). Let d = x + 19. Calculate the greatest common divisor of 1 and d.
1
Let p be -12*(1 + 0)/(-2). Let l(q) = q - 3. Let k be l(-7). Let h be ((-4)/k)/(2/10). What is the greatest common divisor of h and p?
2
Let m = 30 - 23. Let o(j) be the first derivative of 2*j**2 - 4*j - 1. Let a be o(8). What is the greatest common divisor of m and a?
7
Suppose -3*h + 5*y = -5*h + 102, -h = 2*y - 49. What is the greatest common divisor of 451 and h?
41
Suppose -528 = -5*g - 138. Let o = 114 - g. Calculate the highest common divisor of o and 4.
4
Let l = 976 - 640. Suppose -2*q = 3*s - l, 8*q - 847 = 3*q - 4*s. What is the greatest common divisor of 19 and q?
19
Let k = 59 - 55. What is the highest common divisor of 40 and k?
4
Let r be (0 - 1)*-84 + 4. Calculate the highest common factor of 8 and r.
8
Let o(f) = 3*f**2 - 6. Let j be o(-3). Calculate the greatest common factor of 42 and j.
21
Suppose -36 = -3*b + 120. Calculate the highest common divisor of b and 13.
13
Suppose 2*d + 17 = 3*d. Suppose m + 4*g - 199 = 0, -4*m + 0*m + 751 = g. What is the highest common divisor of d and m?
17
Suppose -3*x + 0*x + 3*n = -72, n - 88 = -3*x. Calculate the greatest common factor of x and 7.
7
Suppose -7*t + 200 = -3*t. Calculate the greatest common factor of t and 20.
10
Let r be (-2)/9 - 544/(-18). Calculate the greatest common factor of 10 and r.
10
Suppose 0 = 6*o - 9 + 3. What is the greatest common factor of 3 and o?
1
Suppose 0 = 4*v - 2 - 10. Let z(p) = 7*p**2 - p + 3. Let s be z(v). Calculate the highest common factor of s and 9.
9
Let f = -21 + 31. Suppose -f = 3*o + 14. Let r be 1/4 + (-86)/o. Calculate the highest common divisor of r and 88.
11
Let k be 9 + (-1)/(2/(-6)). Calculate the greatest common factor of k and 30.
6
Let q be ((-10)/(-7))/(1/14). What is the greatest common factor of q and 220?
20
Let w = -69 - -109. Calculate the greatest common divisor of 8 and w.
8
Let s(x) = -x**2 - 13*x + 8. Let w be s(-13). Let c be ((-6)/4)/((-3)/32). Let h = c - w. What is the highest common factor of 32 and h?
8
Suppose 3*n - 3 = 12. Let z(y) = -6*y**3 - 3*y**2 + 1. Let d be z(-1). Let w = d + n. What is the greatest common divisor of 6 and w?
3
Suppose 3*y - 9 = 3. Suppose -b + 60 = 4*b + 5*r, -y*r = 2*b - 20. What is the greatest common divisor of b and 42?
14
Let c be (-52)/1*-1 + (1 - 4). Calculate the highest common divisor of 7 and c.
7
Suppose 36 = -2*y + 5*y. What is the highest common factor of 4 and y?
4
Let s(r) = -r**2 - 9*r - 1. Let b be s(-6). Let g = b + -14. Calculate the highest common factor of 1 and g.
1
Let v = -80 - -96. Calculate the highest common factor of 160 and v.
16
Let w = 27 + -16. What is the greatest common factor of 77 and w?
11
Suppose -3*m + 28 = -14. Calculate the greatest common divisor of 56 and m.
14
Suppose -f + 2*f - 10 = 5*z, -3*f = 2*z - 81. Let d = f - 14. What is the highest common divisor of 121 and d?
11
Suppose -2*p + 8 = 0, 7*t = 3*t + 3*p + 328. What is the highest common divisor of t and 17?
17
Suppose 0 = -2*v - 2*t + 114, -3*v + 5*v - 104 = -4*t. Let i = v - 11. Suppose -85 = -4*l - l. What is the highest common divisor of i and l?
17
Let h(u) = u**3 + 3*u**2 + 3*u + 1. Let n be h(-2). Let a = n + 7. Suppose 8*y - 96 = 4*y. Calculate the greatest common divisor of y and a.
6
Let p(q) = -q**3 + 2*q**2 - 2*q + 6. Let z be p(0). Calculate the greatest common divisor of z and 114.
6
Let i(t) = -t - 6. Let v be i(-6). Let b(z) = -z + 14. Let l be b(v). What is the highest common factor of l and 14?
14
Suppose 3*h - 3*j - 7 - 11 = 0, 0 = 2*h + j. Calculate the highest common factor of h and 14.
2
Suppose -4*q - q + 785 = 0. Suppose -5*d = -q - 18. Let b be 14 - 0/(-1 + -2). What is the highest common divisor of b and d?
7
Let y(s) = -2*s**3 - 3*s**2 + 9*s + 12. Let u be y(-4). Calculate the greatest common factor of u and 7.
7
Let a = -83 + 99. What is the highest common factor of 2 and a?
2
Let f be (-1)/(-4)*0 - -12. What is the greatest common factor of f and 3?
3
Suppose -2*n + 5 = -85. Let q = 150 - n. Let x(p) = 2*p**3 - 8*p**2 + 4*p - 1. Let g be x(4). What is the highest common divisor of g and q?
15
Suppose 2*p = 4*o - p + 51, -2*o = 2*p + 22. Let b = o + 16. Suppose -4*k = 5*q - 105, -5*k + 85 = -k + q. What is the greatest common divisor of b and k?
4
Suppose 0 = f - 0*f - 171. What is the greatest common factor of f and 19?
19
Suppose x = 6*x - 190. What is the highest common factor of 57 and x?
19
Let y(w) = w**3 + 5*w - 2. Let r(a) = -a**3 - a**2 - 4*a + 3. Let x(s) = 5*r(s) + 4*y(s). Let g be x(-5). Calculate the greatest common divisor of 1 and g.
1
Suppose -4 = -u - 5*f + 25, -2*f + 30 = 5*u. Let n(s) = -4*s - 1. Let h be n(2). Let r = -5 - h. Calculate the highest common factor of r and u.
4
Let h be (378/(-4))/(-7) + (-2)/4. What is the highest common divisor of h and 78?
13
Let y(f) = f**2 + f - 30. Let q be y(6). Suppose 4*a - 3*a = -2*l + 16, 0 = 4*a + 2*l - 52. Calculate the greatest common divisor of q and a.
12
Let r(y) = -y**2 + 6*y - 3. Let o be r(5). Let q be -15*o/(1 - 3). Suppose 0 = 4*m - 51 - 9. Calculate the highest common factor of q and m.
15
Let l(q) = -q**3 - 4*q**2 + 2*q + 6. Let t(h) = 0*h + 2*h + 2*h - 3*h. Let m be t(-6). Let g be l(m). What is the highest common divisor of g and 11?
11
Let b be (1/(-2))/(11/22). Let k be 7*-2*2*b. What is the greatest common factor of 84 and k?
28
Suppose 2*m + 14 = 3*v + v, 3*m + 16 = v. Suppose 3 = -r - 2*a + 13, -30 = -3*r + a. What is the highest common factor of r and v?
1
Suppose -28 = -y + 5*x, -4*x + 94 + 66 = 3*y. Suppose r + r = y. Let g = -26 - -32. Calculate the greatest common factor of r and g.
6
Let k(o) = o**2 - 6*o + 13. Let a be k(7). Calculate the highest common factor of a and 360.
20
Suppose 4*s + 3*v = -8, 0 = -3*s + s + v - 14. Let y = 12 + s. What is the greatest common divisor of y and 14?
7
Suppose 5*p + 396 = 9*p. What is the greatest common factor of p and 11?
11
Suppose -160 = -3*k + 4*b, 2*k + 2*b - 28 = 74. Suppose 3*h + 0*h = -4*f + 114, k = 2*f - h. Let m = -150 + 153. What is the greatest common divisor of f and m?
3
Suppose 2*r + 0*r = 8. Suppose 6*u - 90 = r*u. What is the highest common divisor of 18 and u?
9
Let j be 72/(-10)*(-125)/50. Calculate the greatest common factor of j and 63.
9
Let t(s) = 2*s**2. Let g be t(1). Let v be 8/6 + (-1)/3. What is the greatest common divisor of v and g?
1
Let n be (1/(-3))/((-2)/(-18)). Let c(w) = w**3 + 5*w**2 + 4*w + 4. Let d be c(n). What is the highest